{"id":364,"date":"2025-04-28T10:29:34","date_gmt":"2025-04-28T08:29:34","guid":{"rendered":"https:\/\/alfadescanso.com\/?post_type=product&#038;p=364"},"modified":"2025-09-26T22:12:50","modified_gmt":"2025-09-26T20:12:50","slug":"ares-seaqual","status":"publish","type":"product","link":"https:\/\/alfadescanso.com\/index.php\/producto\/ares-seaqual\/","title":{"rendered":"ARES SEAQUAL"},"content":{"rendered":"<p style=\"font-weight: 300;\">El colch\u00f3n Ares Seaqual est\u00e1 compuesto por nuestro n\u00facleo de espumaci\u00f3n Comfort Cloud Foam\u00ae que combinado con una plancha de viscoel\u00e1stica de 6cm altamente adaptable ayuda a mantener una correcta postura para dormir. Destaca por la forma de su n\u00facleo al ser articulado. Adem\u00e1s viene enfundado y se puede lavar. Uno de sus otros grandes rasgos es su M\u00e1xima adaptabilidad y alta firmeza.<\/p>\n<p style=\"font-weight: 300;\"><img loading=\"lazy\" decoding=\"async\" class=\"\" src=\"https:\/\/koraldescanso.com\/img\/cms\/Marcas%20de%20Categorias\/ALFA%20QUALITY%20CONTROL.png\" width=\"70\" height=\"38\" \/> \u00a0Este producto est\u00e1 elaborado en nuestras instalaciones pasando por un exhaustivo control de gesti\u00f3n y calidad.<\/p>\n<p><img loading=\"lazy\" decoding=\"async\" class=\"aligncenter\" src=\"https:\/\/koraldescanso.com\/img\/cms\/Colchones\/Colch%C3%B3n-ARES-SEAQUAL-Capas-Con-Texto.jpg\" alt=\"Colchon-ROYAL-Capas-Con-Texto.jpg\" width=\"800\" height=\"800\" \/><\/p>\n<h1><img loading=\"lazy\" decoding=\"async\" class=\"aligncenter\" src=\"https:\/\/koraldescanso.com\/img\/cms\/Marcas%20de%20Categorias\/Colchones\/COMFORT_CLOUD_FOAM.png\" width=\"237\" height=\"70\" \/> <img loading=\"lazy\" decoding=\"async\" class=\"aligncenter\" src=\"https:\/\/koraldescanso.com\/img\/cms\/Marcas%20de%20Categorias\/Colchones\/viscoelastic_foam_1.png\" alt=\"viscoelastic_foam_1.png\" width=\"240\" height=\"71\" \/><\/h1>\n<p style=\"font-weight: 300; text-align: center;\">Espumas \u00faltima generaci\u00f3n.<\/p>\n<p style=\"font-weight: 300; text-align: center;\">Tecnolog\u00eda sostenible con el medio ambiente.<\/p>\n<p style=\"font-weight: 300; text-align: center;\">Diferentes grados de firmeza y densidad.<\/p>\n<p style=\"font-weight: 300; text-align: center;\">Viscoel\u00e1stica de alta calidad.<\/p>\n<p style=\"font-weight: 300; text-align: center;\">N\u00facleos flexibles convencionales.<\/p>\n<p style=\"font-weight: 300; text-align: center;\">Adaptabilidad y confort sensorial.<\/p>\n","protected":false},"excerpt":{"rendered":"<p class=\"MsoNormal\"><b><span style=\"font-family: Montserrat;\">N\u00facleo<\/span><\/b><span style=\"font-family: Montserrat;\">: Articulado HR + viscoel\u00e1stica.<\/span><\/p>\n<p class=\"MsoNormal\"><b><span style=\"font-family: Montserrat;\">Altura<\/span><\/b><span style=\"font-family: Montserrat;\">: +\/- 27 cm.<\/span><\/p>\n<p class=\"MsoNormal\"><span style=\"font-family: Montserrat;\">Anti\u00e1caros y antibacterias.<\/span><\/p>\n<p class=\"MsoNormal\"><span style=\"font-family: Montserrat;\"><\/span><\/p>\n<p><b><span style=\"font-size: 8.5pt; font-family: Verdana, sans-serif;\"><img loading=\"lazy\" decoding=\"async\" src=\"https:\/\/koraldescanso.com\/img\/cms\/Marcas%20de%20Categorias\/Colchones\/LOGO_VISCOELASTIC_FOAM-05.png\" width=\"77\" height=\"72\" alt=\"VEFER.png\" \/><img loading=\"lazy\" decoding=\"async\" src=\"https:\/\/koraldescanso.com\/img\/cms\/Marcas%20de%20Categorias\/Colchones\/comfort_cloud.png\" width=\"77\" height=\"77\" alt=\"foam_support.png\" \/><\/span><\/b><b><span style=\"font-size: 8.5pt; font-family: Verdana, sans-serif;\"><img loading=\"lazy\" decoding=\"async\" src=\"https:\/\/koraldescanso.com\/img\/cms\/Marcas%20de%20Categorias\/Colchones\/tejido_3d.png\" alt=\"\" width=\"77\" height=\"77\" \/><\/span><\/b><b><span style=\"font-size: 8.5pt; font-family: Verdana, sans-serif;\"><img loading=\"lazy\" decoding=\"async\" src=\"https:\/\/koraldescanso.com\/img\/cms\/Marcas%20de%20Categorias\/Colchones\/LOGO_OEKO_TEX.png\" width=\"77\" height=\"77\" alt=\"FOAM SUPPORT.png\" \/><\/span><\/b><b><span style=\"font-size: 8.5pt; font-family: Verdana, sans-serif;\"><img loading=\"lazy\" decoding=\"async\" width=\"77\" height=\"77\" src=\"https:\/\/koraldescanso.com\/img\/cms\/CATALOGO%20KORFLEX\/TODOS%20JUNTITOS-20.png\" alt=\"Imagen que contiene escena, cuarto, firmar, tablaDescripci\u00f3n generada autom\u00e1ticamente\" \/><\/span><\/b><img loading=\"lazy\" decoding=\"async\" src=\"https:\/\/koraldescanso.com\/img\/cms\/Marcas%20de%20Categorias\/Colchones\/ALFA%20QUALITY%20CONTROL.png\" width=\"77\" height=\"77\" alt=\"ALFA QUALITY CONTROL.png\" style=\"color: #333333; font-family: 'PT Sans', sans-serif; font-size: 16px; background-color: #ffffff;\" \/><\/p><\/p>\n","protected":false},"featured_media":366,"template":"","meta":[],"product_brand":[48],"product_cat":[21,23],"product_tag":[],"class_list":{"0":"post-364","1":"product","2":"type-product","3":"status-publish","4":"has-post-thumbnail","6":"product_brand-alfa-descanso","7":"product_cat-colchones","8":"product_cat-viscoelasticos","10":"first","11":"instock","12":"virtual","13":"product-type-simple"},"jetpack_sharing_enabled":true,"_links":{"self":[{"href":"https:\/\/alfadescanso.com\/index.php\/wp-json\/wp\/v2\/product\/364","targetHints":{"allow":["GET"]}}],"collection":[{"href":"https:\/\/alfadescanso.com\/index.php\/wp-json\/wp\/v2\/product"}],"about":[{"href":"https:\/\/alfadescanso.com\/index.php\/wp-json\/wp\/v2\/types\/product"}],"wp:featuredmedia":[{"embeddable":true,"href":"https:\/\/alfadescanso.com\/index.php\/wp-json\/wp\/v2\/media\/366"}],"wp:attachment":[{"href":"https:\/\/alfadescanso.com\/index.php\/wp-json\/wp\/v2\/media?parent=364"}],"wp:term":[{"taxonomy":"product_brand","embeddable":true,"href":"https:\/\/alfadescanso.com\/index.php\/wp-json\/wp\/v2\/product_brand?post=364"},{"taxonomy":"product_cat","embeddable":true,"href":"https:\/\/alfadescanso.com\/index.php\/wp-json\/wp\/v2\/product_cat?post=364"},{"taxonomy":"product_tag","embeddable":true,"href":"https:\/\/alfadescanso.com\/index.php\/wp-json\/wp\/v2\/product_tag?post=364"}],"curies":[{"name":"wp","href":"https:\/\/api.w.org\/{rel}","templated":true}]}}

<p style="font-weight: 300;">El colchón Ares Seaqual está compuesto por nuestro núcleo de espumación Comfort Cloud Foam® que combinado con una plancha de viscoelástica de 6cm altamente adaptable ayuda a mantener una correcta postura para dormir. Destaca por la forma de su núcleo al ser articulado. Además viene enfundado y se puede lavar. Uno de sus otros grandes rasgos es su Máxima adaptabilidad y alta firmeza.</p>
<p style="font-weight: 300;"><img loading="lazy" decoding="async" class="" src="https://koraldescanso.com/img/cms/Marcas%20de%20Categorias/ALFA%20QUALITY%20CONTROL.png" width="70" height="38" />  Este producto está elaborado en nuestras instalaciones pasando por un exhaustivo control de gestión y calidad.</p>
<p><img loading="lazy" decoding="async" class="aligncenter" src="https://koraldescanso.com/img/cms/Colchones/Colch%C3%B3n-ARES-SEAQUAL-Capas-Con-Texto.jpg" alt="Colchon-ROYAL-Capas-Con-Texto.jpg" width="800" height="800" /></p>
<h1><img loading="lazy" decoding="async" class="aligncenter" src="https://koraldescanso.com/img/cms/Marcas%20de%20Categorias/Colchones/COMFORT_CLOUD_FOAM.png" width="237" height="70" /> <img loading="lazy" decoding="async" class="aligncenter" src="https://koraldescanso.com/img/cms/Marcas%20de%20Categorias/Colchones/viscoelastic_foam_1.png" alt="viscoelastic_foam_1.png" width="240" height="71" /></h1>
<p style="font-weight: 300; text-align: center;">Espumas última generación.</p>
<p style="font-weight: 300; text-align: center;">Tecnología sostenible con el medio ambiente.</p>
<p style="font-weight: 300; text-align: center;">Diferentes grados de firmeza y densidad.</p>
<p style="font-weight: 300; text-align: center;">Viscoelástica de alta calidad.</p>
<p style="font-weight: 300; text-align: center;">Núcleos flexibles convencionales.</p>
<p style="font-weight: 300; text-align: center;">Adaptabilidad y confort sensorial.</p>

<p class="MsoNormal"><b><span style="font-family: Montserrat;">Núcleo</span></b><span style="font-family: Montserrat;">: Articulado HR + viscoelástica.</span></p>
<p class="MsoNormal"><b><span style="font-family: Montserrat;">Altura</span></b><span style="font-family: Montserrat;">: +/- 27 cm.</span></p>
<p class="MsoNormal"><span style="font-family: Montserrat;">Antiácaros y antibacterias.</span></p>
<p class="MsoNormal"><span style="font-family: Montserrat;"></span></p>
<p><b><span style="font-size: 8.5pt; font-family: Verdana, sans-serif;"><img loading="lazy" decoding="async" src="https://koraldescanso.com/img/cms/Marcas%20de%20Categorias/Colchones/LOGO_VISCOELASTIC_FOAM-05.png" width="77" height="72" alt="VEFER.png" /><img loading="lazy" decoding="async" src="https://koraldescanso.com/img/cms/Marcas%20de%20Categorias/Colchones/comfort_cloud.png" width="77" height="77" alt="foam_support.png" /></span></b><b><span style="font-size: 8.5pt; font-family: Verdana, sans-serif;"><img loading="lazy" decoding="async" src="https://koraldescanso.com/img/cms/Marcas%20de%20Categorias/Colchones/tejido_3d.png" alt="" width="77" height="77" /></span></b><b><span style="font-size: 8.5pt; font-family: Verdana, sans-serif;"><img loading="lazy" decoding="async" src="https://koraldescanso.com/img/cms/Marcas%20de%20Categorias/Colchones/LOGO_OEKO_TEX.png" width="77" height="77" alt="FOAM SUPPORT.png" /></span></b><b><span style="font-size: 8.5pt; font-family: Verdana, sans-serif;"><img loading="lazy" decoding="async" width="77" height="77" src="https://koraldescanso.com/img/cms/CATALOGO%20KORFLEX/TODOS%20JUNTITOS-20.png" alt="Imagen que contiene escena, cuarto, firmar, tablaDescripción generada automáticamente" /></span></b><img loading="lazy" decoding="async" src="https://koraldescanso.com/img/cms/Marcas%20de%20Categorias/Colchones/ALFA%20QUALITY%20CONTROL.png" width="77" height="77" alt="ALFA QUALITY CONTROL.png" style="color: #333333; font-family: 'PT Sans', sans-serif; font-size: 16px; background-color: #ffffff;" /></p></p>
