{"id":1411,"date":"2026-01-05T14:00:38","date_gmt":"2026-01-05T13:00:38","guid":{"rendered":"https:\/\/alfadescanso.com\/?post_type=product&#038;p=1411"},"modified":"2026-01-05T14:08:43","modified_gmt":"2026-01-05T13:08:43","slug":"nature-touch","status":"publish","type":"product","link":"https:\/\/alfadescanso.com\/index.php\/producto\/nature-touch\/","title":{"rendered":"NATURE TOUCH"},"content":{"rendered":"<p><span><strong><span>\ud83c\udf3f\u2728<\/span>\u00a0M\u00e1xima naturalidad y tecnolog\u00eda de descanso<\/strong><\/span><\/p>\n<p><span>El\u00a0<strong>Nature Touch<\/strong>\u00a0es un colch\u00f3n\u00a0<strong>muy premium<\/strong>\u00a0que combina materiales naturales, tecnolog\u00eda avanzada y una estructura de muelles ensacados de alta precisi\u00f3n. Dise\u00f1ado para quienes buscan un descanso superior, ofrece una adaptabilidad excepcional, transpirabilidad \u00f3ptima y un soporte ergon\u00f3mico de primer nivel.<\/span><\/p>\n<p><span><strong><span>\ud83e\udde0<\/span>\u00a0Caracter\u00edsticas t\u00e9cnicas:<\/strong><\/span><\/p>\n<ul>\n<li><span><span>\ud83c\udf2c\ufe0f<\/span>\u00a0<strong>Tencel 450 g<\/strong>: tejido natural, suave y altamente transpirable<\/span><\/li>\n<li><span><span>\u2744\ufe0f<\/span>\u00a0<strong>Viscogel<\/strong>: reduce la acumulaci\u00f3n de calor y mejora la adaptabilidad<\/span><\/li>\n<li><span><span>\ud83c\udf3f<\/span>\u00a0<strong>L\u00e1tex natural 70 kg<\/strong>: elasticidad, confort y durabilidad premium<\/span><\/li>\n<li><span><span>\ud83c\udf00<\/span>\u00a0<strong>1100 muelles ensacados<\/strong>: independencia de lechos y soporte preciso<\/span><\/li>\n<li><span><span>\ud83d\udee1\ufe0f<\/span>\u00a0<strong>Xtreme Perimeter<\/strong>: refuerzo lateral que mejora estabilidad y vida \u00fatil<\/span><\/li>\n<li><span><span>\ud83d\udecc<\/span>\u00a0<strong>Altura de \u00b129 cm<\/strong>: presencia y confort de gama alta<\/span><\/li>\n<\/ul>\n<p><span><strong><span>\ud83d\udee0\ufe0f<\/span>\u00a0Materiales de calidad:<\/strong><\/span><\/p>\n<p><span>El Nature Touch combina materiales naturales como el l\u00e1tex y el Tencel con tecnolog\u00edas avanzadas como el viscogel y los muelles ensacados de alta densidad. Cada capa est\u00e1 dise\u00f1ada para ofrecer un descanso fresco, adaptable y ergon\u00f3mico.<\/span><\/p>\n<p><span><strong><span>\u2139\ufe0f<\/span>\u00a0Informaci\u00f3n sobre env\u00edo:<\/strong><\/span><\/p>\n<p><span><span>\ud83d\ude9a<\/span>\u00a0Env\u00edo disponible a tienda, cliente final o recogida en almac\u00e9n.<\/span><\/p>\n<p><span><strong><span>\u26a0\ufe0f<\/span>\u00a0Informaci\u00f3n sobre garant\u00eda:<\/strong><\/span><\/p>\n<p><span>El producto se entrega embalado. No utilizar objetos punzantes para abrir el paquete. Cualquier da\u00f1o causado por apertura incorrecta no ser\u00e1 cubierto por la garant\u00eda.<\/span><br \/>\n<span>Si el producto llega da\u00f1ado por el transporte, debe ser rechazado en el momento de la entrega. En caso contrario, la devoluci\u00f3n ser\u00e1 responsabilidad del cliente.<\/span><\/p>\n","protected":false},"excerpt":{"rendered":"<p style=\"font-weight: 400;\"><strong><span>N\u00facleo<\/span><\/strong><span>: L\u00e1tex natural + Muelles ensacados<\/span><\/p>\n<p style=\"font-weight: 400;\"><strong><span>Altura<\/span><\/strong><span>: +\/- 29 cm.<\/span><\/p>\n<p style=\"font-weight: 400;\"><span>Anti\u00e1caros e hipoalerg\u00e9nico.<\/span><\/p>\n<p><strong><img loading=\"lazy\" decoding=\"async\" src=\"https:\/\/koraldescanso.com\/img\/cms\/Marcas%20de%20Categorias\/Colchones\/Logo%20LATEXCO.png\" alt=\"LATEXCO.jpg\" width=\"77\" height=\"77\" \/><span style=\"font-size: 8.5pt; font-family: Verdana, sans-serif;\"><img loading=\"lazy\" decoding=\"async\" src=\"https:\/\/koraldescanso.com\/img\/cms\/Marcas%20de%20Categorias\/Colchones\/spring_mattress.png\" alt=\"spring mattress\" width=\"77\" height=\"77\" \/><\/span><img loading=\"lazy\" decoding=\"async\" src=\"https:\/\/koraldescanso.com\/img\/cms\/Marcas%20de%20Categorias\/Colchones\/xtreme%20perimeter.png\" alt=\"Imagen que contiene escena, cuarto, firmar, tablaDescripci\u00f3n generada autom\u00e1ticamente\" width=\"77\" height=\"77\" \/><span style=\"font-size: 8.5pt; font-family: Verdana, sans-serif;\"><img loading=\"lazy\" decoding=\"async\" src=\"https:\/\/koraldescanso.com\/img\/cms\/Marcas%20de%20Categorias\/Colchones\/tejido_3d.png\" alt=\"FOAM SUPPORT.png\" width=\"77\" height=\"77\" \/><\/span><span style=\"font-size: 8.5pt; font-family: Verdana, sans-serif;\"><img loading=\"lazy\" decoding=\"async\" src=\"https:\/\/koraldescanso.com\/img\/cms\/CATALOGO%20KORFLEX\/OEKO%20TEX.png\" alt=\"Imagen que contiene escena, cuarto, firmar, tablaDescripci\u00f3n generada autom\u00e1ticamente\" width=\"77\" height=\"77\" \/><\/span><img loading=\"lazy\" decoding=\"async\" style=\"color: #333333; font-family: 'PT Sans', sans-serif; font-size: 16px; background-color: #ffffff;\" src=\"https:\/\/koraldescanso.com\/img\/cms\/Marcas%20de%20Categorias\/Colchones\/ALFA%20QUALITY%20CONTROL.png\" alt=\"ALFA QUALITY CONTROL.png\" width=\"77\" height=\"77\" \/><span style=\"font-size: 8.5pt; font-family: Verdana, sans-serif;\"><img loading=\"lazy\" decoding=\"async\" src=\"https:\/\/koraldescanso.com\/img\/cms\/CATALOGO%20KORFLEX\/TODOS%20JUNTITOS-20.png\" alt=\"Imagen que contiene escena, cuarto, firmar, tablaDescripci\u00f3n generada autom\u00e1ticamente\" width=\"77\" height=\"77\" \/><\/span><\/strong><\/p>\n","protected":false},"featured_media":1416,"template":"","meta":[],"product_brand":[48],"product_cat":[21,22],"product_tag":[],"class_list":{"0":"post-1411","1":"product","2":"type-product","3":"status-publish","4":"has-post-thumbnail","6":"product_brand-alfa-descanso","7":"product_cat-colchones","8":"product_cat-muelles-ensacados","10":"first","11":"instock","12":"shipping-taxable","13":"product-type-simple"},"jetpack_sharing_enabled":true,"_links":{"self":[{"href":"https:\/\/alfadescanso.com\/index.php\/wp-json\/wp\/v2\/product\/1411","targetHints":{"allow":["GET"]}}],"collection":[{"href":"https:\/\/alfadescanso.com\/index.php\/wp-json\/wp\/v2\/product"}],"about":[{"href":"https:\/\/alfadescanso.com\/index.php\/wp-json\/wp\/v2\/types\/product"}],"wp:featuredmedia":[{"embeddable":true,"href":"https:\/\/alfadescanso.com\/index.php\/wp-json\/wp\/v2\/media\/1416"}],"wp:attachment":[{"href":"https:\/\/alfadescanso.com\/index.php\/wp-json\/wp\/v2\/media?parent=1411"}],"wp:term":[{"taxonomy":"product_brand","embeddable":true,"href":"https:\/\/alfadescanso.com\/index.php\/wp-json\/wp\/v2\/product_brand?post=1411"},{"taxonomy":"product_cat","embeddable":true,"href":"https:\/\/alfadescanso.com\/index.php\/wp-json\/wp\/v2\/product_cat?post=1411"},{"taxonomy":"product_tag","embeddable":true,"href":"https:\/\/alfadescanso.com\/index.php\/wp-json\/wp\/v2\/product_tag?post=1411"}],"curies":[{"name":"wp","href":"https:\/\/api.w.org\/{rel}","templated":true}]}}