{"id":174,"date":"2024-02-19T22:40:59","date_gmt":"2024-02-19T21:40:59","guid":{"rendered":"http:\/\/distribucionesalfa.com\/?page_id=3"},"modified":"2024-02-19T22:40:59","modified_gmt":"2024-02-19T21:40:59","slug":"politica-privacidad","status":"publish","type":"page","link":"https:\/\/alfadescanso.com\/index.php\/politica-privacidad\/","title":{"rendered":"Pol\u00edtica de privacidad y protecci\u00f3n de datos."},"content":{"rendered":"<p>1. <strong>RESPONSABLE<\/strong><\/p>\n<!-- \/wp:post-content -->\n\n<!-- wp:list {\"ordered\":true} -->\n<ol>\n<li style=\"list-style-type: none;\">\n<ul><!-- wp:list-item -->\n<li><strong>Datos de contacto del Responsable <\/strong>El responsable de los datos recabados mediante esta web es ALFA BUSINESS HOLDING 2000, S.L. con direcci\u00f3n C\/ GALILEU No 12, 08635, SANT ESTEVE SESROVIRES (BARCELONA) Y CIF B72547458. Usted podr\u00e1 contactar con el responsable mediante el siguiente Email info@alfabh.com o en el tel\u00e9fono 931949400<\/li>\n<\/ul>\n<\/li>\n<\/ol>\n<!-- \/wp:list-item -->\n\n<!-- wp:list-item -->\n<ol>\n<li style=\"list-style-type: none;\">\n<ul>\n<li><strong>Datos de contacto del Delegado de Protecci\u00f3n de Datos <\/strong>La empresa no cuenta con un delegado de protecci\u00f3n de datos<\/li>\n<\/ul>\n<\/li>\n<\/ol>\n<!-- \/wp:list-item --><!-- \/wp:list -->\n\n<!-- wp:paragraph -->\n<p>2. <strong>FINALIDAD<\/strong><\/p>\n<!-- \/wp:paragraph -->\n\n<!-- wp:list {\"ordered\":true} -->\n<ol>\n<li style=\"list-style-type: none;\">\n<ul><!-- wp:list-item -->\n<li><strong>Descripci\u00f3n ampliada de los fines del tratamiento <\/strong>Gesti\u00f3n de clientes, contable, fiscal y administrativa Publicidad y prospecci\u00f3n comercial Recepci\u00f3n de Curr\u00edculums o solicitudes de empleo Gesti\u00f3n de solicitudes<\/li>\n<\/ul>\n<\/li>\n<\/ol>\n<!-- \/wp:list-item -->\n\n<!-- wp:list-item -->\n<ol>\n<li style=\"list-style-type: none;\">\n<ul>\n<li><strong>Plazos o criterios de conservaci\u00f3n de los datos <\/strong>Conservaremos los datos durante el tiempo que sea necesario para atender la solicitud y cumplir con las obligaciones legales exigidas. Los datos que usted nos ha facilitado ser\u00e1n conservados mientras sean necesarios para las finalidades indicadas en el punto 2.A., o tambi\u00e9n ser\u00e1n almacenadas por el tiempo exigido por distintas legislaciones aplicables.<\/li>\n<\/ul>\n<\/li>\n<\/ol>\n<!-- \/wp:list-item -->\n\n<!-- wp:list-item -->\n<ol>\n<li style=\"list-style-type: none;\">\n<ul>\n<li><strong>Decisiones automatizadas, perfiles y l\u00f3gica aplicada <\/strong>Los datos recogidos mediante la p\u00e1gina web no ser\u00e1n utilizados para tomar decisiones automatizadas.<\/li>\n<\/ul>\n<\/li>\n<\/ol>\n<!-- \/wp:list-item --><!-- \/wp:list -->\n\n<!-- wp:paragraph -->\n<p>3. <strong>LEGITIMACION<\/strong><\/p>\n<!-- \/wp:paragraph -->\n\n<!-- wp:list {\"ordered\":true} -->\n<ol>\n<li style=\"list-style-type: none;\">\n<ul><!-- wp:list-item -->\n<li><strong>Legislaci\u00f3n aplicable <\/strong>La legislaci\u00f3n aplicada es el Reglamento General de Protecci\u00f3n de Datos 2016\/679 de 27 de abril de 2016 as\u00ed como la Ley Org\u00e1nica 3\/2018, de 5 de diciembre, de Protecci\u00f3n de Datos Personales y garant\u00eda de los derechos digitales.<\/li>\n<\/ul>\n<\/li>\n<\/ol>\n<!-- \/wp:list-item -->\n\n<!-- wp:list-item -->\n<ol>\n<li style=\"list-style-type: none;\">\n<ul>\n<li><strong>Detalles de la base jur\u00eddica del tratamiento, en los casos de obligaci\u00f3n legal, inter\u00e9s p\u00fablico o inter\u00e9s p\u00fablico o inter\u00e9s leg\u00edtimo <\/strong>Art. 6, apartado 1 letra a. Que considera el consentimiento del interesado como una base leg\u00edtima para el tratamiento de datos personales contenidos en este fichero.<\/li>\n<\/ul>\n<\/li>\n<\/ol>\n<!-- \/wp:list-item -->\n\n<!-- wp:list-item -->\n<ol>\n<li style=\"list-style-type: none;\">\n<ul>\n<li><strong>Obligaci\u00f3n o no de facilitar datos y consecuencias de no hacerlo <\/strong>No est\u00e1 obligado a facilitarnos los datos, sin embargo, ser\u00e1 necesario para poder gestionar las sugerencias o peticiones que necesite hacernos mediante la p\u00e1gina web.<\/li>\n<\/ul>\n<\/li>\n<\/ol>\n<!-- \/wp:list-item --><!-- \/wp:list -->\n\n<!-- wp:paragraph -->\n<p>4. <strong>DESTINATARIOS<\/strong><\/p>\n<!-- \/wp:paragraph -->\n\n<!-- wp:list {\"ordered\":true} -->\n<ol>\n<li style=\"list-style-type: none;\">\n<ul><!-- wp:list-item -->\n<li><strong>Destinatarios <\/strong>Organizaciones o personas directamente relacionadas con la empresa, Administraci\u00f3n p\u00fablica con competencia en la materia<\/li>\n<\/ul>\n<\/li>\n<\/ol>\n<!-- \/wp:list-item -->\n\n<!-- wp:list-item -->\n<ol>\n<li style=\"list-style-type: none;\">\n<ul>\n<li><strong>Destinatarios espec\u00edficos <\/strong>Los encargados de tratamiento podr\u00e1n acceder a los datos facilitados mediante esta p\u00e1gina web por el ejercicio de sus funciones de mantenimiento.<\/li>\n<\/ul>\n<\/li>\n<\/ol>\n<!-- \/wp:list-item --><!-- \/wp:list -->\n\n<!-- wp:paragraph -->\n<p>ALFA BUSINESS HOLDING 2000, S.L. 7<\/p>\n<!-- \/wp:paragraph -->\n\n<!-- wp:paragraph -->\n<p>C. <strong>Decisiones de adecuaci\u00f3n, garant\u00edas, normas corporativas vinculantes o situaciones espec\u00edficas aplicables <\/strong>No existen.<\/p>\n<!-- \/wp:paragraph -->\n\n<!-- wp:paragraph -->\n<p>D. <strong>Transferencias internacionales <\/strong>No existen<\/p>\n<!-- \/wp:paragraph -->\n\n<!-- wp:paragraph -->\n<p>5. <strong>DERECHOS<\/strong><\/p>\n<!-- \/wp:paragraph -->\n\n<!-- wp:list {\"ordered\":true} -->\n<ol>\n<li style=\"list-style-type: none;\">\n<ul><!-- wp:list-item -->\n<li><strong>C\u00f3mo ejercer los derechos de acceso, rectificaci\u00f3n, supresi\u00f3n y portabilidad de sus datos, y la limitaci\u00f3n u oposici\u00f3n a su tratamiento <\/strong>El interesado podr\u00e1 conocer, modificar, o eliminar los datos que la empresa posea acerca de su persona mediante correo electr\u00f3nico facilitando su DNI o bien por correo postal a C\/ GALILEU No 12, 08635, SANT ESTEVE SESROVIRES ( BARCELONA). El interesado podr\u00e1 transferir sus datos a otra entidad o bien limitar los ya existentes que la empresa posea acerca de su persona mediante correo electr\u00f3nico facilitando su DNI o bien por correo postal a C\/ GALILEU No 12, 08635, SANT ESTEVE SESROVIRES ( BARCELONA).<\/li>\n<\/ul>\n<\/li>\n<\/ol>\n<!-- \/wp:list-item -->\n\n<!-- wp:list-item -->\n<ol>\n<li style=\"list-style-type: none;\">\n<ul>\n<li><strong>Derecho a retirar el Consentimiento prestado <\/strong>El interesado podr\u00e1 retirar los datos que la empresa posee acerca de su persona mediante correo electr\u00f3nico facilitando su DNI o bien por correo postal a C\/ GALILEU No 12, 08635, SANT ESTEVE SESROVIRES ( BARCELONA).<\/li>\n<\/ul>\n<\/li>\n<\/ol>\n<!-- \/wp:list-item -->\n\n<!-- wp:list-item -->\n<ol>\n<li style=\"list-style-type: none;\">\n<ul>\n<li><strong>Derecho a reclamar ante la Autoridad de Control <\/strong>El interesado podr\u00e1 reclamar ante la Agencia Espa\u00f1ola de Protecci\u00f3n de Datos acerca de toda incidencia que pueda surgirle.<\/li>\n<\/ul>\n<\/li>\n<\/ol>\n<!-- \/wp:list-item --><!-- \/wp:list -->\n\n<!-- wp:paragraph -->\n<p>6. <strong>PROCEDENCIA<\/strong><\/p>\n<!-- \/wp:paragraph -->\n\n<!-- wp:list {\"ordered\":true} -->\n<ol>\n<li style=\"list-style-type: none;\">\n<ul><!-- wp:list-item -->\n<li><strong>Informaci\u00f3n detallada del origen de los datos<\/strong> Facilitados por el propio interesado<\/li>\n<\/ul>\n<\/li>\n<\/ol>\n<!-- \/wp:list-item -->\n\n<!-- wp:list-item -->\n<ol>\n<li style=\"list-style-type: none;\">\n<ul>\n<li><strong>Categor\u00edas de datos que se tratan <\/strong>Nombre y Apellidos NIF\/DNI\/NIE Direcci\u00f3n Imagen Tel\u00e9fono Firma Email Caracter\u00edsticas personales Circunstancias sociales Acad\u00e9micos y profesionales Detalles del empleo<\/li>\n<\/ul>\n<\/li>\n<\/ol>\n<!-- \/wp:list-item --><!-- \/wp:list -->\n\n","protected":false},"excerpt":{"rendered":"<p>1. RESPONSABLE Datos de contacto del Responsable El responsable de los datos recabados mediante esta web es ALFA BUSINESS HOLDING 2000, S.L. con direcci\u00f3n C\/ GALILEU No 12, 08635, SANT&#8230;<\/p>\n","protected":false},"author":1,"featured_media":0,"parent":0,"menu_order":0,"comment_status":"closed","ping_status":"open","template":"","meta":{"footnotes":""},"class_list":["post-174","page","type-page","status-publish"],"jetpack_sharing_enabled":true,"_links":{"self":[{"href":"https:\/\/alfadescanso.com\/index.php\/wp-json\/wp\/v2\/pages\/174","targetHints":{"allow":["GET"]}}],"collection":[{"href":"https:\/\/alfadescanso.com\/index.php\/wp-json\/wp\/v2\/pages"}],"about":[{"href":"https:\/\/alfadescanso.com\/index.php\/wp-json\/wp\/v2\/types\/page"}],"author":[{"embeddable":true,"href":"https:\/\/alfadescanso.com\/index.php\/wp-json\/wp\/v2\/users\/1"}],"replies":[{"embeddable":true,"href":"https:\/\/alfadescanso.com\/index.php\/wp-json\/wp\/v2\/comments?post=174"}],"version-history":[{"count":0,"href":"https:\/\/alfadescanso.com\/index.php\/wp-json\/wp\/v2\/pages\/174\/revisions"}],"wp:attachment":[{"href":"https:\/\/alfadescanso.com\/index.php\/wp-json\/wp\/v2\/media?parent=174"}],"curies":[{"name":"wp","href":"https:\/\/api.w.org\/{rel}","templated":true}]}}

Política de privacidad y protección de datos.

<p>1. <strong>RESPONSABLE</strong></p>
<!-- /wp:post-content -->

<!-- wp:list {"ordered":true} -->
<ol>
<li style="list-style-type: none;">
<ul><!-- wp:list-item -->
<li><strong>Datos de contacto del Responsable </strong>El responsable de los datos recabados mediante esta web es ALFA BUSINESS HOLDING 2000, S.L. con dirección C/ GALILEU No 12, 08635, SANT ESTEVE SESROVIRES (BARCELONA) Y CIF B72547458. Usted podrá contactar con el responsable mediante el siguiente Email info@alfabh.com o en el teléfono 931949400</li>
</ul>
</li>
</ol>
<!-- /wp:list-item -->

<!-- wp:list-item -->
<ol>
<li style="list-style-type: none;">
<ul>
<li><strong>Datos de contacto del Delegado de Protección de Datos </strong>La empresa no cuenta con un delegado de protección de datos</li>
</ul>
</li>
</ol>
<!-- /wp:list-item --><!-- /wp:list -->

<!-- wp:paragraph -->
<p>2. <strong>FINALIDAD</strong></p>
<!-- /wp:paragraph -->

<!-- wp:list {"ordered":true} -->
<ol>
<li style="list-style-type: none;">
<ul><!-- wp:list-item -->
<li><strong>Descripción ampliada de los fines del tratamiento </strong>Gestión de clientes, contable, fiscal y administrativa Publicidad y prospección comercial Recepción de Currículums o solicitudes de empleo Gestión de solicitudes</li>
</ul>
</li>
</ol>
<!-- /wp:list-item -->

<!-- wp:list-item -->
<ol>
<li style="list-style-type: none;">
<ul>
<li><strong>Plazos o criterios de conservación de los datos </strong>Conservaremos los datos durante el tiempo que sea necesario para atender la solicitud y cumplir con las obligaciones legales exigidas. Los datos que usted nos ha facilitado serán conservados mientras sean necesarios para las finalidades indicadas en el punto 2.A., o también serán almacenadas por el tiempo exigido por distintas legislaciones aplicables.</li>
</ul>
</li>
</ol>
<!-- /wp:list-item -->

<!-- wp:list-item -->
<ol>
<li style="list-style-type: none;">
<ul>
<li><strong>Decisiones automatizadas, perfiles y lógica aplicada </strong>Los datos recogidos mediante la página web no serán utilizados para tomar decisiones automatizadas.</li>
</ul>
</li>
</ol>
<!-- /wp:list-item --><!-- /wp:list -->

<!-- wp:paragraph -->
<p>3. <strong>LEGITIMACION</strong></p>
<!-- /wp:paragraph -->

<!-- wp:list {"ordered":true} -->
<ol>
<li style="list-style-type: none;">
<ul><!-- wp:list-item -->
<li><strong>Legislación aplicable </strong>La legislación aplicada es el Reglamento General de Protección de Datos 2016/679 de 27 de abril de 2016 así como la Ley Orgánica 3/2018, de 5 de diciembre, de Protección de Datos Personales y garantía de los derechos digitales.</li>
</ul>
</li>
</ol>
<!-- /wp:list-item -->

<!-- wp:list-item -->
<ol>
<li style="list-style-type: none;">
<ul>
<li><strong>Detalles de la base jurídica del tratamiento, en los casos de obligación legal, interés público o interés público o interés legítimo </strong>Art. 6, apartado 1 letra a. Que considera el consentimiento del interesado como una base legítima para el tratamiento de datos personales contenidos en este fichero.</li>
</ul>
</li>
</ol>
<!-- /wp:list-item -->

<!-- wp:list-item -->
<ol>
<li style="list-style-type: none;">
<ul>
<li><strong>Obligación o no de facilitar datos y consecuencias de no hacerlo </strong>No está obligado a facilitarnos los datos, sin embargo, será necesario para poder gestionar las sugerencias o peticiones que necesite hacernos mediante la página web.</li>
</ul>
</li>
</ol>
<!-- /wp:list-item --><!-- /wp:list -->

<!-- wp:paragraph -->
<p>4. <strong>DESTINATARIOS</strong></p>
<!-- /wp:paragraph -->

<!-- wp:list {"ordered":true} -->
<ol>
<li style="list-style-type: none;">
<ul><!-- wp:list-item -->
<li><strong>Destinatarios </strong>Organizaciones o personas directamente relacionadas con la empresa, Administración pública con competencia en la materia</li>
</ul>
</li>
</ol>
<!-- /wp:list-item -->

<!-- wp:list-item -->
<ol>
<li style="list-style-type: none;">
<ul>
<li><strong>Destinatarios específicos </strong>Los encargados de tratamiento podrán acceder a los datos facilitados mediante esta página web por el ejercicio de sus funciones de mantenimiento.</li>
</ul>
</li>
</ol>
<!-- /wp:list-item --><!-- /wp:list -->

<!-- wp:paragraph -->
<p>ALFA BUSINESS HOLDING 2000, S.L. 7</p>
<!-- /wp:paragraph -->

<!-- wp:paragraph -->
<p>C. <strong>Decisiones de adecuación, garantías, normas corporativas vinculantes o situaciones específicas aplicables </strong>No existen.</p>
<!-- /wp:paragraph -->

<!-- wp:paragraph -->
<p>D. <strong>Transferencias internacionales </strong>No existen</p>
<!-- /wp:paragraph -->

<!-- wp:paragraph -->
<p>5. <strong>DERECHOS</strong></p>
<!-- /wp:paragraph -->

<!-- wp:list {"ordered":true} -->
<ol>
<li style="list-style-type: none;">
<ul><!-- wp:list-item -->
<li><strong>Cómo ejercer los derechos de acceso, rectificación, supresión y portabilidad de sus datos, y la limitación u oposición a su tratamiento </strong>El interesado podrá conocer, modificar, o eliminar los datos que la empresa posea acerca de su persona mediante correo electrónico facilitando su DNI o bien por correo postal a C/ GALILEU No 12, 08635, SANT ESTEVE SESROVIRES ( BARCELONA). El interesado podrá transferir sus datos a otra entidad o bien limitar los ya existentes que la empresa posea acerca de su persona mediante correo electrónico facilitando su DNI o bien por correo postal a C/ GALILEU No 12, 08635, SANT ESTEVE SESROVIRES ( BARCELONA).</li>
</ul>
</li>
</ol>
<!-- /wp:list-item -->

<!-- wp:list-item -->
<ol>
<li style="list-style-type: none;">
<ul>
<li><strong>Derecho a retirar el Consentimiento prestado </strong>El interesado podrá retirar los datos que la empresa posee acerca de su persona mediante correo electrónico facilitando su DNI o bien por correo postal a C/ GALILEU No 12, 08635, SANT ESTEVE SESROVIRES ( BARCELONA).</li>
</ul>
</li>
</ol>
<!-- /wp:list-item -->

<!-- wp:list-item -->
<ol>
<li style="list-style-type: none;">
<ul>
<li><strong>Derecho a reclamar ante la Autoridad de Control </strong>El interesado podrá reclamar ante la Agencia Española de Protección de Datos acerca de toda incidencia que pueda surgirle.</li>
</ul>
</li>
</ol>
<!-- /wp:list-item --><!-- /wp:list -->

<!-- wp:paragraph -->
<p>6. <strong>PROCEDENCIA</strong></p>
<!-- /wp:paragraph -->

<!-- wp:list {"ordered":true} -->
<ol>
<li style="list-style-type: none;">
<ul><!-- wp:list-item -->
<li><strong>Información detallada del origen de los datos</strong> Facilitados por el propio interesado</li>
</ul>
</li>
</ol>
<!-- /wp:list-item -->

<!-- wp:list-item -->
<ol>
<li style="list-style-type: none;">
<ul>
<li><strong>Categorías de datos que se tratan </strong>Nombre y Apellidos NIF/DNI/NIE Dirección Imagen Teléfono Firma Email Características personales Circunstancias sociales Académicos y profesionales Detalles del empleo</li>
</ul>
</li>
</ol>
<!-- /wp:list-item --><!-- /wp:list -->

<p>1. RESPONSABLE Datos de contacto del Responsable El responsable de los datos recabados mediante esta web es ALFA BUSINESS HOLDING 2000, S.L. con dirección C/ GALILEU No 12, 08635, SANT&#8230;</p>
